**5/60 + 5*t**4/24 + 2*t**3/3 + 2*t**2. What is b(s)?
-2
Let x(f) = -f**3 - 8*f**2 + 11*f + 11. Suppose 2*u = 4*u + 18. Determine x(u).
-7
Let t(w) = 3*w**3 - 8 + w**3 + 6*w**2 + w - 5*w**3. Determine t(6).
-2
Let a = -28 + 28. Let i(u) = u**3 - u**2 + u + 3. What is i(a)?
3
Let y(q) = 2*q**3 - 3*q**2 + q + 2. Suppose -2 = -0*w - w. Suppose 5*c = c + 4*v + 8, 3*v + w = c. Give y(c).
8
Let c(w) be the third derivative of w**6/180 + w**5/120 - 5*w**3/6 + 8*w**2. Let t(p) be the first derivative of c(p). Determine t(-1).
1
Let v(p) be the third derivative of -p**6/120 - p**5/12 - p**4/8 + 2*p**3/3 - 13*p**2. Give v(-4).
0
Let v = -17 - -17. Let z(l) = -l - 5. Determine z(v).
-5
Let w = 46 - 40. Let p(v) = v. Let x be (2 - (-3 - 0))/(-1). Let k(n) = n**2 - 1. Let g(a) = x*p(a) + k(a). What is g(w)?
5
Let w = -6 + 1. Let n(g) = -g**3 - 4*g**2 + 5*g - 4. Calculate n(w).
-4
Let i(u) be the first derivative of u**4/4 - 4*u**3/3 + 3*u**2/2 + u + 2. What is i(3)?
1
Let v(c) = -3*c + 1. Let k(p) = -p**3 - 7*p**2 - 5*p + 8. Suppose 3 + 9 = -2*x. Let f be k(x). Suppose f*d = -1 - 3. Calculate v(d).
7
Suppose 3*k - i = 11, 2*k = -5*i - 9 + 39. Suppose -5*w - 37 = -4*g, -4*g - g - k*w - 10 = 0. Let y(m) = -3*m + 4. Give y(g).
-5
Suppose 4*z = 2*z + 6. Let p(x) = -x - 2*x + z - 9 + 2*x. Let y be 1 + -3 + 2/1. Give p(y).
-6
Let r(u) be the first derivative of u**5/20 - 5*u**4/12 + u**3/3 + u**2/2 + 4*u - 5. Let a(n) be the first derivative of r(n). Calculate a(2).
-7
Let y(c) = -4*c**2 + 2 + 0*c**3 - 1 + c**3. Suppose -13*w = -40*w + 54. Calculate y(w).
-7
Suppose r + 14 = 3*r. Let p(i) = -r - 3*i + 4 - 1 + 3. What is p(3)?
-10
Let k(y) = -y**3 + y**2 + y + 5. Let m = 14 + -14. Let h be k(m). Let v(p) = -p**2 + 5*p - 2*p**2 + 2*p**2 + 1. Give v(h).
1
Let v be (2/(-4))/((-1)/16). Suppose -v = -r - 3*o - 1, -2*r + 5*o - 19 = 0. Let t(d) = 4*d + 1. Determine t(r).
-7
Let p(x) be the second derivative of x**3/6 + x**2/2 + 6*x. Calculate p(-3).
-2
Let j(c) = -2*c. Let w be j(-10). Let b be 1/(3/(1 + w)). Let d(u) = u**3 - 7*u**2 + 1. Give d(b).
1
Let w(y) = y**3 + 4*y**2 + 2*y + 3. Let s = -78 + 74. Calculate w(s).
-5
Suppose -t - t = -12. Let u be 8/3 + 2/t. Suppose -5*n - 2 = -4*x + 11, u*x + n + 14 = 0. Let j(w) = w**3 + 4*w**2 + w - 2. Give j(x).
4
Let t(h) = h. Suppose -5*l + 6 = 36. Calculate t(l).
-6
Let v(o) = 24*o**2 + 34*o - 6. Let y(r) = 11*r**2 + 16*r - 3. Let h(w) = -6*v(w) + 13*y(w). Let g = -2 - -6. Determine h(g).
-3
Let p(x) = x**2 - 11*x + 8. Let s(w) = -w**2 + 12*w - 9. Let c(l) = 4*p(l) + 3*s(l). Determine c(7).
-2
Let q = 37 + -20. Let d(c) = c**3 + 2*c**2 + 4. Let m(j) = -8 + 13 + 3*j**3 - j + 7 + 5*j**2. Let k(x) = q*d(x) - 6*m(x). Calculate k(5).
1
Let b(w) = w + 9. Let d(j) = 4*j + 36. Let n(y) = -9*b(y) + 2*d(y). Determine n(-6).
-3
Suppose -3 - 9 = -3*f. Let x(j) = -3*j + 3. Determine x(f).
-9
Suppose 3*b - 4 = 2*b. Let w(d) be the second derivative of -d**5/120 - d**4/8 - d**3/6 + d. Let p(n) be the second derivative of w(n). Give p(b).
-7
Let f(h) = 37*h**2 - 77*h**2 + 5*h - 1 + 39*h**2. What is f(3)?
5
Suppose -4*x + 89 = 97. Let h(m) be the third derivative of m**6/360 - m**5/60 - m**4/12 + m**3/6 - m**2. Let z(a) be the first derivative of h(a). Give z(x).
6
Suppose 3*s = 3 - 15. Let t(z) = z**3 + 3*z**2 - 5*z - 4. Determine t(s).
0
Let k(a) be the second derivative of a**4/6 - a**3/2 + a**2 + 2*a. Let j(v) = -v + 13. Let p be j(10). Give k(p).
11
Suppose 0 = -4*i + 8 - 0. Let w(s) be the second derivative of 0 + 3/2*s**2 - 8*s - 1/6*s**3. Give w(i).
1
Let i(z) = -z**2 - z - 4. Let k(b) = -b**2 - 4. Let a(o) = -3*i(o) + 2*k(o). What is a(-3)?
4
Let i(a) = 9*a**3 + a**2 + a + 1. Let b = -5 - -32. Let k be (-2 - b)*(2 + -3). Suppose 0 = -4*n + 5*f - k, 19 = n + 3*f + f. What is i(n)?
-8
Suppose 4*w = 16 - 24. Let o(g) = -8*g - 2. What is o(w)?
14
Let x(t) be the second derivative of -t**3/6 + t**2 - t. Suppose 3*w + 3 = 0, -w + 4 = -0*q + 5*q. Let d be -1 + q - -2 - 2. What is x(d)?
2
Let m(w) = w - 4. Let l be (2 - (-16)/(-6))*-6. Determine m(l).
0
Let z(a) be the second derivative of -a**4/12 - a**3/6 + a**2 - 5*a. Determine z(0).
2
Let k be 9/12*24/18. Let l(v) be the third derivative of 7*v**5/60 + 2*v**2. What is l(k)?
7
Let d(n) = -5*n + 3. Let u(o) = o**2 - 9*o - 12. Suppose -h = 2*f - 4, -2*h - 2*h = f - 37. Let s be u(h). Let a = 4 + s. Determine d(a).
-7
Let j(h) = 6*h + 11. Let w(k) = -2*k - 4. Let m(p) = 6*j(p) + 17*w(p). Let y be (-16)/2 - (-2)/(-1). Let u = -5 - y. Give m(u).
8
Let n(x) = -x**3 - 5*x**2 + 5*x - 6. Suppose -3*o = o. Suppose -2*y = 12 - o. Calculate n(y).
0
Let z(a) = a**2 + 3*a + 1. Let f be -9 + (-3 - -3)/(-4). Let r = -11 - f. Calculate z(r).
-1
Let b(a) = -a**3 + a**2 - a - 1. Suppose -1 = -7*f - 8. What is b(f)?
2
Let l(t) = -t**3 - 4*t**2 - t + 3. Suppose -9 = -4*p - 2*q + 45, 3*q = 5*p - 51. Suppose 3*m = 6*m + p. Determine l(m).
7
Let f = 5 + -2. Suppose -i = 4*a + 17, -2*a - 21 = i + f*a. Let k(p) = -p**2 + 2*p + 0*p + 0*p + 201 - 200. Calculate k(i).
-2
Let b(j) be the second derivative of -j**4/6 - 7*j**3/6 - 3*j**2 - 8*j - 1. Calculate b(-4).
-10
Let d(l) = 4*l**2 - l + 2. Suppose -3*m - 9 = 5*k, 2 = 4*k + 14. Calculate d(m).
16
Let q(w) = 5*w. Suppose -b - 2*m = -2 + 1, 4*b - 5*m - 43 = 0. Suppose 5*i - b = -22. Let c be 16/(-20) + i/15. Determine q(c).
-5
Let u(c) = -1 - 1 + 0*c + 2*c - 7. Determine u(6).
3
Let a(q) be the first derivative of 3*q**2/2 + q + 12. Calculate a(-2).
-5
Suppose 0 = -3*h - h + 5*y + 27, 3*h + 5*y + 6 = 0. Let j(a) = 0*a + 4*a - 3*a + h - 9. Give j(0).
-6
Suppose -4*m = 7*b - 3*b - 12, 2*b = 3*m + 6. Let s be 1*-4*1/(-2). Let n(y) = -8 + 1 + 2*y + y - s*y. What is n(m)?
-7
Let o(b) = -10*b + b**2 - 7*b + 8*b - 6 - 2*b**2. What is o(-6)?
12
Suppose -3*y = -7*y. Let f(c) be the first derivative of 1/3*c**3 + c - 2 + y*c**2. Give f(2).
5
Let q(o) = o - o + 3*o**2 + 2*o + 5 - 2 - o**3. Give q(4).
-5
Let q(u) = -u. Let v(a) = 3*a**3 + a**2 + 2*a + 1. Let w be v(2). Suppose -3*d = -3*h + w, -2*h - d - 8 = 3*d. Calculate q(h).
-6
Let t(o) = -o + 5 - 5. What is t(5)?
-5
Let i = -4 + 9. Suppose 0 = 3*m - i*m + 6. Let o(d) = -2*d + 4. Determine o(m).
-2
Suppose 4*t + 28 = 5*h, 3*h = 7*h + 5*t - 6. Let m(c) = 1 + 3 - c + 5. Determine m(h).
5
Suppose 5*z = 3*c - 33, 5*c - 8*z + 7*z = 33. Let n(a) = a**3 - 5*a**2 - 7*a + 4. Give n(c).
-2
Let b = 7 - 0. Let q(z) = z**2 - 8*z + 3. Let k be q(b). Let j(s) = -s**3 - 4*s**2 - s + 4. Give j(k).
8
Let y(x) = -4 + 0*x**3 + x**3 - 3*x - 10*x + 10*x - 2*x**2. Let o = 10 + -7. Determine y(o).
-4
Let t(w) = 90*w - 47*w + 1 - 42*w. Determine t(-6).
-5
Let l(o) = -o**3 - 4*o**2 - 3*o. Suppose 0 = -d - 4*x - 4 - 7, -5*d + 2*x - 11 = 0. What is l(d)?
0
Suppose 7*h = 2*h - 25. Let w(b) = 2*b + 3. Calculate w(h).
-7
Let g(v) = 6*v**2 - v. Let q = 25 - 26. Give g(q).
7
Let g(s) = -3*s**2 + 2*s + 3. Let u(d) be the first derivative of d**3/3 - d**2/2 + 2. Let c(l) = -g(l) - 2*u(l). Let y be (-2)/3 + (-4)/(-6). Give c(y).
-3
Suppose -8 = 3*l - 4*l + 5*i, 13 = 5*l + 2*i. Let f(y) = -2 + 4*y + 4 - 5*y**2 + 3 + y**l. Suppose -2 = 7*x - 30. Give f(x).
5
Suppose 7 = -u + 4*u - 2*t, 0 = -3*t + 3. Let w(d) = 4 - 2*d**2 - 4*d + 0 + d**3 + 2*d. What is w(u)?
7
Let u(x) = x**2 + 11*x + 11. Suppose -4*t + 8*t + 60 = -4*j, 4*t - j = -40. Let m be u(t). Let d(b) = -1 - 1 + 4*b - 6*b**2 - m*b - b**3. Determine d(-5).
8
Let t(s) = 5*s**2 - 5*s. Let p(b) = 4*b**2 - 5*b + 1. Let u(f) = 3*p(f) - 2*t(f). What is u(3)?
6
Let c(q) = -q + 3. Suppose 3*t = 16 - 7. Give c(t).
0
Let x be 16/(-96) - 17/6. Let d(s) = s**2 - 4. Give d(x).
5
Let h(b) = -b - 8. Let j(u) = u + 8. Let t(f) = 4*h(f) + 3*j(f). Let v(g) = -g**2 + 5*g - 4. Let c = 2 + 2. Let m be v(c). Determine t(m).
-8
Let m(h) = 5*h**3 + 31*h**2 + 16*h - 20. Let a(x) = -x**3 - 6*x**2 - 3*x + 4. Let n(r) = 11*a(r) + 2*m(r). What is n(-3)?
-2
Let c(g) = -g**2 - g + 5. Let l(f) = -f + 5. Let j(a) = a + 0*a + 10 + 1. Let w be j(-6). Let i be l(w). Calculate c(i).
5
Let d be (-6)/((-90)/5)*21/1. Let p(z) = z - 8. Give p(d).
-1
Let a(s) = -6*s + 5 - 5*s**3 + 4*s**2 + 3*s**3 + 0*s**3 + 2*s**2. Let x(m) = -1 - m**3 + 3*m**2 + 0*m**2 - 2*m**2. Let b(i) = -a(i) + x(i). Determine b(4).
2
Let v(w) = -w + 7. Let g be (18/(-8